{"id":142,"date":"2016-10-06T10:43:27","date_gmt":"2016-10-06T09:43:27","guid":{"rendered":"http:\/\/tv1863-gross-zimmern.de\/wordpress\/?page_id=142"},"modified":"2023-10-20T11:10:55","modified_gmt":"2023-10-20T10:10:55","slug":"geschaeftsstelle","status":"publish","type":"page","link":"https:\/\/www.tv1863-gross-zimmern.de\/?page_id=142","title":{"rendered":"Gesch\u00e4ftsstelle"},"content":{"rendered":"<h3>Das Team der TV-Gesch\u00e4ftsstelle: Birgit Stapp, Judith Lamberty, Sylvia St\u00f6cken <span style=\"font-size: 8pt;\">(von links nach rechts)<\/span> <a href=\"https:\/\/www.tv1863-gross-zimmern.de\/wp-content\/uploads\/2023\/10\/P1111425_PL6_1500Px.jpg\"><img loading=\"lazy\" decoding=\"async\" class=\"alignnone size-full wp-image-5537\" src=\"https:\/\/www.tv1863-gross-zimmern.de\/wp-content\/uploads\/2023\/10\/P1111425_PL6_1500Px.jpg\" alt=\"\" width=\"1200\" height=\"900\" srcset=\"https:\/\/www.tv1863-gross-zimmern.de\/wp-content\/uploads\/2023\/10\/P1111425_PL6_1500Px.jpg 1200w, https:\/\/www.tv1863-gross-zimmern.de\/wp-content\/uploads\/2023\/10\/P1111425_PL6_1500Px-300x225.jpg 300w, https:\/\/www.tv1863-gross-zimmern.de\/wp-content\/uploads\/2023\/10\/P1111425_PL6_1500Px-700x525.jpg 700w, https:\/\/www.tv1863-gross-zimmern.de\/wp-content\/uploads\/2023\/10\/P1111425_PL6_1500Px-768x576.jpg 768w, https:\/\/www.tv1863-gross-zimmern.de\/wp-content\/uploads\/2023\/10\/P1111425_PL6_1500Px-100x75.jpg 100w\" sizes=\"auto, (max-width: 1200px) 100vw, 1200px\" \/><\/a><\/h3>\n<p>&nbsp;<\/p>\n<h3>Hausmeister:<\/h3>\n<p>Stelle zur Zeit nicht besetzt<\/p>\n","protected":false},"excerpt":{"rendered":"<p>Das Team der TV-Gesch\u00e4ftsstelle: Birgit Stapp, Judith Lamberty, Sylvia St\u00f6cken (von links nach rechts) &nbsp; Hausmeister: Stelle zur Zeit nicht besetzt<\/p>\n","protected":false},"author":2,"featured_media":0,"parent":130,"menu_order":0,"comment_status":"closed","ping_status":"closed","template":"","meta":{"footnotes":""},"class_list":["post-142","page","type-page","status-publish","hentry"],"_links":{"self":[{"href":"https:\/\/www.tv1863-gross-zimmern.de\/index.php?rest_route=\/wp\/v2\/pages\/142","targetHints":{"allow":["GET"]}}],"collection":[{"href":"https:\/\/www.tv1863-gross-zimmern.de\/index.php?rest_route=\/wp\/v2\/pages"}],"about":[{"href":"https:\/\/www.tv1863-gross-zimmern.de\/index.php?rest_route=\/wp\/v2\/types\/page"}],"author":[{"embeddable":true,"href":"https:\/\/www.tv1863-gross-zimmern.de\/index.php?rest_route=\/wp\/v2\/users\/2"}],"replies":[{"embeddable":true,"href":"https:\/\/www.tv1863-gross-zimmern.de\/index.php?rest_route=%2Fwp%2Fv2%2Fcomments&post=142"}],"version-history":[{"count":15,"href":"https:\/\/www.tv1863-gross-zimmern.de\/index.php?rest_route=\/wp\/v2\/pages\/142\/revisions"}],"predecessor-version":[{"id":5538,"href":"https:\/\/www.tv1863-gross-zimmern.de\/index.php?rest_route=\/wp\/v2\/pages\/142\/revisions\/5538"}],"up":[{"embeddable":true,"href":"https:\/\/www.tv1863-gross-zimmern.de\/index.php?rest_route=\/wp\/v2\/pages\/130"}],"wp:attachment":[{"href":"https:\/\/www.tv1863-gross-zimmern.de\/index.php?rest_route=%2Fwp%2Fv2%2Fmedia&parent=142"}],"curies":[{"name":"wp","href":"https:\/\/api.w.org\/{rel}","templated":true}]}}