{"id":234,"date":"2016-11-16T23:00:24","date_gmt":"2016-11-16T22:00:24","guid":{"rendered":"http:\/\/tv1863-gross-zimmern.de\/wordpress\/?page_id=234"},"modified":"2024-05-03T15:13:11","modified_gmt":"2024-05-03T14:13:11","slug":"preise","status":"publish","type":"page","link":"https:\/\/www.tv1863-gross-zimmern.de\/?page_id=234","title":{"rendered":"Preise"},"content":{"rendered":"<h3>Mitgliedschaft:<\/h3>\n<p>Die Mitgliedschaft ist f\u00fcr die TV Rock Jugend + Advance erforderlich. Dieser setzt sich aus dem Beitrag f\u00fcr den TV Gro\u00df-Zimmern und zus\u00e4tzlich der Abteilung Klettern zusammen.<\/p>\n<table border=\"0\" width=\"422\" cellspacing=\"0\" cellpadding=\"3\">\n<tbody>\n<tr>\n<td>Kinder bis 14 Jahre<\/td>\n<td><\/td>\n<td>9,50 \u20ac\/Monat<\/td>\n<\/tr>\n<tr>\n<td>Jugendliche ab 15 Jahren Sch\u00fcler \/ Studenten \/(mit Nachweis)<\/td>\n<td><\/td>\n<td>10,00 \u20ac\/Monat<\/td>\n<\/tr>\n<tr>\n<td>Erwachsene ab 18 Jahre<\/p>\n<p>Rentner (mit Nachweis)<\/td>\n<td>&nbsp;<\/p>\n<p>&nbsp;<\/td>\n<td>15,00 \u20ac\/Monat<\/p>\n<p>11,50 \u20ac<\/td>\n<\/tr>\n<tr>\n<td>Familienbeitrag<\/td>\n<td><\/td>\n<td>29,00 \u20ac\/Monat<\/td>\n<\/tr>\n<tr>\n<td>+ Aufnahmegeb\u00fchr (einmalig)<\/td>\n<td><\/td>\n<td>5,00 \u20ac\/Person<\/td>\n<\/tr>\n<\/tbody>\n<\/table>\n<div id=\"cc-m-6703519186\" class=\"j-module n j-hgrid \">\n<div class=\"cc-m-hgrid-column last\">\n<div id=\"cc-matrix-1588403786\">\n<div id=\"cc-m-6703534986\" class=\"j-module n j-header \"><strong>+ Zusatzbeitrag Kletterabteilung<\/strong><\/div>\n<\/div>\n<\/div>\n<\/div>\n<div id=\"cc-m-6703611886\" class=\"j-module n j-table \">\n<table border=\"0\" cellspacing=\"0\" cellpadding=\"3\">\n<tbody>\n<tr>\n<td>Erwachsene<\/td>\n<td><\/td>\n<td>9,50 \u20ac\/Monat<\/td>\n<\/tr>\n<tr>\n<td>Kinder, Jugendliche, Sch\u00fcler, Studenten, Rentner<\/td>\n<td><\/td>\n<td>5,60 \u20ac\/Monat<\/td>\n<\/tr>\n<\/tbody>\n<\/table>\n<hr \/>\n<\/div>\n<h3>Kurspreise:<\/h3>\n<p>Die Preise f\u00fcr Offenes Klettern, Schnupperklettern, Events, Grundkursklettern,&#8230; und sonstige Kletterangebote findet ihr hier:<\/p>\n<table border=\"0\" width=\"486\" cellspacing=\"0\" cellpadding=\"3\">\n<tbody>\n<tr dir=\"\" lang=\"\" xml:lang=\"\" align=\"\" valign=\"top\" bgcolor=\"\">\n<td dir=\"\" lang=\"\" xml:lang=\"\" colspan=\"1\" rowspan=\"1\" scope=\"\" align=\"\" valign=\"\"><strong>Schnupperklettern<\/strong><\/p>\n<p>inkl. Material<strong><br \/>\n<\/strong><\/td>\n<td dir=\"\" lang=\"\" xml:lang=\"\" colspan=\"1\" rowspan=\"1\" scope=\"\" align=\"\" valign=\"\">25,00 \u20ac\/Trainerstunde + 10,00 \u20ac\/Pers.<\/td>\n<\/tr>\n<tr dir=\"\" lang=\"\" xml:lang=\"\" align=\"\" valign=\"top\" bgcolor=\"\">\n<td dir=\"\" lang=\"\" xml:lang=\"\" colspan=\"1\" rowspan=\"1\" scope=\"\" align=\"\" valign=\"\"><strong>Grundkursklettern<\/strong>\u00a0[2x3Std]<\/p>\n<p>inkl. Material<strong><br \/>\n<\/strong><\/td>\n<td dir=\"\" lang=\"\" xml:lang=\"\" colspan=\"1\" rowspan=\"1\" scope=\"\" align=\"\" valign=\"\">75,00 \u20ac\/Pers.<\/td>\n<\/tr>\n<tr dir=\"\" lang=\"\" xml:lang=\"\" align=\"\" valign=\"top\" bgcolor=\"\">\n<td dir=\"\" lang=\"\" xml:lang=\"\" colspan=\"1\" rowspan=\"1\" scope=\"\" align=\"\" valign=\"\"><strong>Vorstiegskurs<\/strong>\u00a0[2x3Std]<strong><br \/>\n<\/strong>inkl. Material<strong><br \/>\n<\/strong><\/td>\n<td dir=\"\" lang=\"\" xml:lang=\"\" colspan=\"1\" rowspan=\"1\" scope=\"\" align=\"\" valign=\"\">100,00 \u20ac\/Pers.<\/td>\n<\/tr>\n<tr dir=\"\" lang=\"\" xml:lang=\"\" align=\"\" valign=\"top\" bgcolor=\"\">\n<td dir=\"\" lang=\"\" xml:lang=\"\" scope=\"\" align=\"\" valign=\"\"><strong>Geburtstage \/ Events bis 12 P.<\/strong><\/p>\n<p>inkl. Material<\/td>\n<td dir=\"\" lang=\"\" xml:lang=\"\" scope=\"\" align=\"\" valign=\"\">50,00 \u20ac\/h + 5,00 \u20ac\/Pers.<\/td>\n<\/tr>\n<tr dir=\"\" lang=\"\" xml:lang=\"\" align=\"\" valign=\"top\" bgcolor=\"\">\n<td dir=\"\" lang=\"\" xml:lang=\"\" colspan=\"1\" rowspan=\"1\" scope=\"\" align=\"\" valign=\"\"><strong>Geburtstage \/ Events ab 12 P.<\/strong><\/p>\n<p>inkl. Material<\/td>\n<td dir=\"\" lang=\"\" xml:lang=\"\" colspan=\"1\" rowspan=\"1\" scope=\"\" align=\"\" valign=\"\">75,00 \u20ac\/h + 5,00 \u20ac\/Pers.<\/td>\n<\/tr>\n<tr dir=\"\" lang=\"\" xml:lang=\"\" align=\"\" valign=\"top\" bgcolor=\"\">\n<td dir=\"\" lang=\"\" xml:lang=\"\" colspan=\"1\" rowspan=\"1\" scope=\"\" align=\"\" valign=\"\"><strong>Offenes Klettern<\/strong><\/p>\n<p>exkl. Material<strong><br \/>\n<\/strong><\/td>\n<td dir=\"\" lang=\"\" xml:lang=\"\" colspan=\"1\" rowspan=\"1\" scope=\"\" align=\"\" valign=\"\">5,00 \u20ac\/Abend<\/td>\n<\/tr>\n<tr dir=\"\" lang=\"\" xml:lang=\"\" align=\"\" valign=\"top\" bgcolor=\"\">\n<td dir=\"\" lang=\"\" xml:lang=\"\" colspan=\"1\" rowspan=\"1\" scope=\"\" align=\"\" valign=\"\"><strong>Eltern-Kind-Klettern<\/strong><\/p>\n<p>exkl. Material \/ Kosten p.P. ab 10 J.<\/td>\n<td dir=\"\" lang=\"\" xml:lang=\"\" colspan=\"1\" rowspan=\"1\" scope=\"\" align=\"\" valign=\"\">5,00 \u20ac\/Tag<\/td>\n<\/tr>\n<tr dir=\"\" lang=\"\" xml:lang=\"\" align=\"\" valign=\"top\" bgcolor=\"\">\n<td dir=\"\" lang=\"\" xml:lang=\"\" colspan=\"1\" rowspan=\"1\" scope=\"\" align=\"\" valign=\"\">\u00a0&#8212;<\/td>\n<td dir=\"\" lang=\"\" xml:lang=\"\" colspan=\"1\" rowspan=\"1\" scope=\"\" align=\"\" valign=\"\">\u00a0&#8212;<\/td>\n<\/tr>\n<tr dir=\"\" lang=\"\" xml:lang=\"\" align=\"\" valign=\"top\" bgcolor=\"\">\n<td dir=\"\" lang=\"\" xml:lang=\"\" colspan=\"1\" rowspan=\"1\" scope=\"\" align=\"\" valign=\"\"><strong>Materialausleihe<br \/>\n<\/strong>Schuhe, Gurt, Sicherungsger\u00e4t<strong><br \/>\n<\/strong><\/td>\n<td dir=\"\" lang=\"\" xml:lang=\"\" colspan=\"1\" rowspan=\"1\" scope=\"\" align=\"\" valign=\"\">5,00 \u20ac\/Tag\u00a0\u00a0 [2,00\u20ac Schuhe + 3,00\u20ac Material]<\/td>\n<\/tr>\n<\/tbody>\n<\/table>\n<div class=\"c\"><\/div>\n<div class=\"c\"><em>Die Kurse, Events und das Offene Klettern sind vor Ort bei dem Betreuer zu bezahlen. Eine Quittung kann ausgestellt werden.<\/em><\/div>\n<div id=\"cc-m-6703519186\" class=\"j-module n j-hgrid \"><\/div>\n<div id=\"cc-m-6703611886\" class=\"j-module n j-table \"><\/div>\n","protected":false},"excerpt":{"rendered":"<p>Mitgliedschaft: Die Mitgliedschaft ist f\u00fcr die TV Rock Jugend + Advance erforderlich. Dieser setzt sich aus dem Beitrag f\u00fcr den TV Gro\u00df-Zimmern und zus\u00e4tzlich der<\/p>\n","protected":false},"author":2,"featured_media":223,"parent":188,"menu_order":0,"comment_status":"closed","ping_status":"closed","template":"","meta":{"footnotes":""},"class_list":["post-234","page","type-page","status-publish","has-post-thumbnail","hentry"],"_links":{"self":[{"href":"https:\/\/www.tv1863-gross-zimmern.de\/index.php?rest_route=\/wp\/v2\/pages\/234","targetHints":{"allow":["GET"]}}],"collection":[{"href":"https:\/\/www.tv1863-gross-zimmern.de\/index.php?rest_route=\/wp\/v2\/pages"}],"about":[{"href":"https:\/\/www.tv1863-gross-zimmern.de\/index.php?rest_route=\/wp\/v2\/types\/page"}],"author":[{"embeddable":true,"href":"https:\/\/www.tv1863-gross-zimmern.de\/index.php?rest_route=\/wp\/v2\/users\/2"}],"replies":[{"embeddable":true,"href":"https:\/\/www.tv1863-gross-zimmern.de\/index.php?rest_route=%2Fwp%2Fv2%2Fcomments&post=234"}],"version-history":[{"count":6,"href":"https:\/\/www.tv1863-gross-zimmern.de\/index.php?rest_route=\/wp\/v2\/pages\/234\/revisions"}],"predecessor-version":[{"id":5885,"href":"https:\/\/www.tv1863-gross-zimmern.de\/index.php?rest_route=\/wp\/v2\/pages\/234\/revisions\/5885"}],"up":[{"embeddable":true,"href":"https:\/\/www.tv1863-gross-zimmern.de\/index.php?rest_route=\/wp\/v2\/pages\/188"}],"wp:featuredmedia":[{"embeddable":true,"href":"https:\/\/www.tv1863-gross-zimmern.de\/index.php?rest_route=\/wp\/v2\/media\/223"}],"wp:attachment":[{"href":"https:\/\/www.tv1863-gross-zimmern.de\/index.php?rest_route=%2Fwp%2Fv2%2Fmedia&parent=234"}],"curies":[{"name":"wp","href":"https:\/\/api.w.org\/{rel}","templated":true}]}}