{"id":298,"date":"2017-01-18T12:59:53","date_gmt":"2017-01-18T11:59:53","guid":{"rendered":"http:\/\/tv1863-gross-zimmern.de\/wordpress\/?page_id=298"},"modified":"2025-07-08T05:11:14","modified_gmt":"2025-07-08T04:11:14","slug":"pruefungen","status":"publish","type":"page","link":"https:\/\/www.tv1863-gross-zimmern.de\/?page_id=298","title":{"rendered":"Pr\u00fcfungen"},"content":{"rendered":"<h1>KUP-Pr\u00fcfungen<\/h1>\n<h2>Allgemeine Info:<\/h2>\n<div class=\"articleSummary\">\n<p>KUP-Pr\u00fcfungen sind 2 mal im Jahr vorgesehen, was aber sehr vom Leistungsstand und der Anzahl der Teilnehmer abh\u00e4ngt. Die Pr\u00fcfungen sind im 2ten und 4ten Quartal angedacht.<\/p>\n<\/div>\n<div class=\"articleSummary\">\n<h3>Pr\u00fcfungen 2025<\/h3>\n<\/div>\n<ul>\n<li>Dienstag, 01.07.2025, 18:00-21:30 Kinder\/Jug\/Erw. (19 von 19 Pr\u00fcfungen wurden erfolgreich abgelegt)<\/li>\n<li><\/li>\n<\/ul>\n<div class=\"articleSummary\">\n<h3>Pr\u00fcfungen 2024<\/h3>\n<\/div>\n<ul>\n<li>Dienstag, 17.12.2024, 17:30-19:30 Kinder (13 von 13 Pr\u00fcfungen wurden erfolgreich abgelegt)<\/li>\n<li>Dienstag, 17.12.2023, 17:30-19:30 Jug\/Erw. (6 von 6 Pr\u00fcfungen wurden erfolgreich abgelegt)<\/li>\n<\/ul>\n<div class=\"articleSummary\">\n<h3>Pr\u00fcfungen 2023<\/h3>\n<\/div>\n<ul>\n<li>Samstag, 16.12.2023, 15:00-16:30 Basis 2 (12 Teiln. haben 15 Pr\u00fcfungen erfolgreich abgelegt)<\/li>\n<li>Samstag, 16.12.2023, 17:00-19:30 Jug\/Erw. (9 Teiln. haben 13 Pr\u00fcfungen erfolgreich abgelegt)<\/li>\n<\/ul>\n<h3>Pr\u00fcfungen 2022<\/h3>\n<ul>\n<li>nicht stattgefunden<\/li>\n<\/ul>\n<h3>Pr\u00fcfungen 2021<\/h3>\n<ul>\n<li>Corona-bedingt nicht stattgefunden<\/li>\n<\/ul>\n<h3>Pr\u00fcfungen 2020<\/h3>\n<ul>\n<li>Corona-bedingt nicht stattgefunden<\/li>\n<\/ul>\n<h3>Pr\u00fcfungen 2019<\/h3>\n<ul>\n<li>Donnerstag, 27.06.2019, 18.00-21.00 (16 von 16 Pr\u00fcfungen wurden erfolgreich abgelegt)<\/li>\n<li>Donnerstag, 19.12.2019, 18.00-20.00 (8 von 8 Pr\u00fcfungen wurden erfolgreich abgelegt)<\/li>\n<\/ul>\n<h3>Pr\u00fcfungen 2018<\/h3>\n<ul>\n<li>nicht stattgefunden<\/li>\n<\/ul>\n<h3>Pr\u00fcfungen 2017<\/h3>\n<ul>\n<li class=\"articleText\">Donnerstag, 29.06.2017 von 18.00-20.30 Uhr (12 von 12 Pr\u00fcfungen wurden erfolgreich abgelegt)<\/li>\n<\/ul>\n<h3>Pr\u00fcfungen 2016<\/h3>\n<ul>\n<li class=\"articleText\">Samstag, 23.07.2016 von 10.00-13.00 Uhr (13 von 13 Pr\u00fcfungen wurden erfolgreich abgelegt)<\/li>\n<\/ul>\n<h3>Pr\u00fcfungen 2015<\/h3>\n<ul>\n<li>stattgefunden\u00a0 (alle Pr\u00fcflinge haben ihre Pr\u00fcfung erfolgreich abgelegt)<\/li>\n<\/ul>\n<h3>Pr\u00fcfungen 2014<\/h3>\n<ul>\n<li>stattgefunden\u00a0 (alle Pr\u00fcflinge haben ihre Pr\u00fcfung erfolgreich abgelegt)<\/li>\n<\/ul>\n<h3>\u00a0Pr\u00fcfungen 2013<\/h3>\n<ul>\n<li class=\"articleText\">Samstag, 26.10.2013 von 10.00-13.00 Uhr (18 von 18 Pr\u00fcfungen wurden erfolgreich abgelegt)<\/li>\n<\/ul>\n<h3>Pr\u00fcfungen 2012<\/h3>\n<ul>\n<li class=\"articleText\">Samstag, 03.11.2012 10.00 Uhr (alle Pr\u00fcflinge haben ihre Pr\u00fcfung erfolgreich abgelegt)<\/li>\n<\/ul>\n<h3>Pr\u00fcfungen 2011<\/h3>\n<ul>\n<li class=\"articleText\">Sonntag 4.12.2011 (10 von 10 Pr\u00fcfungen wurden erfolgreich abgelegt)<\/li>\n<\/ul>\n<h3>Pr\u00fcfungen 2010<\/h3>\n<ul>\n<li class=\"articleText\">keine Pr\u00fcfungen<\/li>\n<\/ul>\n<h3>Pr\u00fcfungen 2009<\/h3>\n<ul>\n<li class=\"articleText\">Samstag 27. Juni 2009 (x von x Pr\u00fcfungen wurden erfolgreich abgelegt)<\/li>\n<li class=\"articleText\">Freitag 16. Dezember 2009 (4 von 4 Pr\u00fcfungen wurden erfolgreich abgelegt)<\/li>\n<\/ul>\n<h3>Pr\u00fcfungen 2008<\/h3>\n<ul>\n<li class=\"articleText\">Samstag 14. Juni 2008 (12 von 12 Pr\u00fcfungen wurden erfolgreich abgelegt.)<\/li>\n<li class=\"articleText\">Samstag 13. Dez. 2008 (15 von 15 Pr\u00fcfungen wurden erfolgreich abgelegt.)<\/li>\n<\/ul>\n","protected":false},"excerpt":{"rendered":"<p>KUP-Pr\u00fcfungen Allgemeine Info: KUP-Pr\u00fcfungen sind 2 mal im Jahr vorgesehen, was aber sehr vom Leistungsstand und der Anzahl der Teilnehmer abh\u00e4ngt. Die Pr\u00fcfungen sind im<\/p>\n","protected":false},"author":2,"featured_media":1008,"parent":292,"menu_order":0,"comment_status":"closed","ping_status":"closed","template":"","meta":{"footnotes":""},"class_list":["post-298","page","type-page","status-publish","has-post-thumbnail","hentry"],"_links":{"self":[{"href":"https:\/\/www.tv1863-gross-zimmern.de\/index.php?rest_route=\/wp\/v2\/pages\/298","targetHints":{"allow":["GET"]}}],"collection":[{"href":"https:\/\/www.tv1863-gross-zimmern.de\/index.php?rest_route=\/wp\/v2\/pages"}],"about":[{"href":"https:\/\/www.tv1863-gross-zimmern.de\/index.php?rest_route=\/wp\/v2\/types\/page"}],"author":[{"embeddable":true,"href":"https:\/\/www.tv1863-gross-zimmern.de\/index.php?rest_route=\/wp\/v2\/users\/2"}],"replies":[{"embeddable":true,"href":"https:\/\/www.tv1863-gross-zimmern.de\/index.php?rest_route=%2Fwp%2Fv2%2Fcomments&post=298"}],"version-history":[{"count":17,"href":"https:\/\/www.tv1863-gross-zimmern.de\/index.php?rest_route=\/wp\/v2\/pages\/298\/revisions"}],"predecessor-version":[{"id":6784,"href":"https:\/\/www.tv1863-gross-zimmern.de\/index.php?rest_route=\/wp\/v2\/pages\/298\/revisions\/6784"}],"up":[{"embeddable":true,"href":"https:\/\/www.tv1863-gross-zimmern.de\/index.php?rest_route=\/wp\/v2\/pages\/292"}],"wp:featuredmedia":[{"embeddable":true,"href":"https:\/\/www.tv1863-gross-zimmern.de\/index.php?rest_route=\/wp\/v2\/media\/1008"}],"wp:attachment":[{"href":"https:\/\/www.tv1863-gross-zimmern.de\/index.php?rest_route=%2Fwp%2Fv2%2Fmedia&parent=298"}],"curies":[{"name":"wp","href":"https:\/\/api.w.org\/{rel}","templated":true}]}}