{"id":3161,"date":"2020-10-06T21:10:44","date_gmt":"2020-10-06T20:10:44","guid":{"rendered":"http:\/\/tv1863-gross-zimmern.de\/wordpress\/?page_id=3161"},"modified":"2025-10-27T11:54:21","modified_gmt":"2025-10-27T10:54:21","slug":"trainingszeiten-gardetanz","status":"publish","type":"page","link":"https:\/\/www.tv1863-gross-zimmern.de\/?page_id=3161","title":{"rendered":"Trainingszeiten Gardetanz"},"content":{"rendered":"<h3>Die Einteilung der M\u00e4dchen in Altersstufen ist wie folgt:<\/h3>\n<p>Minis (6-12 Jahre)\u00a0\u00a0\u00a0\u00a0\u00a0\u00a0\u00a0\u00a0\u00a0\u00a0\u00a0 Midis (ab 13 Jahre)<\/p>\n<p>Das Training findet w\u00f6chentlich statt. Die Kommunikation funktioniert \u00fcber die bestehende WhatsApp-Gruppe.<\/p>\n<ul>\n<li>Freitags 16:30-17:30 Uhr\u00a0 &#8211; Minis: Kletterhalle auf dem Sportgel\u00e4nde des TV Gro\u00df-Zimmern (\u00dcbungsleiterin: Karina Burger)<\/li>\n<li>Freitags 17:30-18:30 Uhr &#8211; Midis: Kletterhalle auf dem Sportgel\u00e4nde des TV Gro\u00df-Zimmern (\u00dcbungsleiterin: Milena M\u00fcller)<\/li>\n<\/ul>\n","protected":false},"excerpt":{"rendered":"<p>Die Einteilung der M\u00e4dchen in Altersstufen ist wie folgt: Minis (6-12 Jahre)\u00a0\u00a0\u00a0\u00a0\u00a0\u00a0\u00a0\u00a0\u00a0\u00a0\u00a0 Midis (ab 13 Jahre) Das Training findet w\u00f6chentlich statt. Die Kommunikation funktioniert \u00fcber<\/p>\n","protected":false},"author":2,"featured_media":3211,"parent":418,"menu_order":0,"comment_status":"closed","ping_status":"closed","template":"","meta":{"footnotes":""},"class_list":["post-3161","page","type-page","status-publish","has-post-thumbnail","hentry"],"_links":{"self":[{"href":"https:\/\/www.tv1863-gross-zimmern.de\/index.php?rest_route=\/wp\/v2\/pages\/3161","targetHints":{"allow":["GET"]}}],"collection":[{"href":"https:\/\/www.tv1863-gross-zimmern.de\/index.php?rest_route=\/wp\/v2\/pages"}],"about":[{"href":"https:\/\/www.tv1863-gross-zimmern.de\/index.php?rest_route=\/wp\/v2\/types\/page"}],"author":[{"embeddable":true,"href":"https:\/\/www.tv1863-gross-zimmern.de\/index.php?rest_route=\/wp\/v2\/users\/2"}],"replies":[{"embeddable":true,"href":"https:\/\/www.tv1863-gross-zimmern.de\/index.php?rest_route=%2Fwp%2Fv2%2Fcomments&post=3161"}],"version-history":[{"count":13,"href":"https:\/\/www.tv1863-gross-zimmern.de\/index.php?rest_route=\/wp\/v2\/pages\/3161\/revisions"}],"predecessor-version":[{"id":6969,"href":"https:\/\/www.tv1863-gross-zimmern.de\/index.php?rest_route=\/wp\/v2\/pages\/3161\/revisions\/6969"}],"up":[{"embeddable":true,"href":"https:\/\/www.tv1863-gross-zimmern.de\/index.php?rest_route=\/wp\/v2\/pages\/418"}],"wp:featuredmedia":[{"embeddable":true,"href":"https:\/\/www.tv1863-gross-zimmern.de\/index.php?rest_route=\/wp\/v2\/media\/3211"}],"wp:attachment":[{"href":"https:\/\/www.tv1863-gross-zimmern.de\/index.php?rest_route=%2Fwp%2Fv2%2Fmedia&parent=3161"}],"curies":[{"name":"wp","href":"https:\/\/api.w.org\/{rel}","templated":true}]}}