{"id":545,"date":"2017-03-22T14:43:31","date_gmt":"2017-03-22T13:43:31","guid":{"rendered":"http:\/\/tv1863-gross-zimmern.de\/wordpress\/?page_id=545"},"modified":"2022-06-08T11:53:20","modified_gmt":"2022-06-08T10:53:20","slug":"alles-auf-einen-blick","status":"publish","type":"page","link":"https:\/\/www.tv1863-gross-zimmern.de\/wordpress\/?page_id=545","title":{"rendered":"Alles auf einen Blick"},"content":{"rendered":"<p>&nbsp;<\/p>\n<table>\n<tbody>\n<tr>\n<td><a href=\"https:\/\/www.tv1863-gross-zimmern.de\/wordpress\/wp-content\/uploads\/2022\/06\/Uebungsplan-ab-8.6.22.pdf\">Gesamt\u00fcbungsplan TV Gro\u00df-Zimmern ab 8.6.22<\/a><\/td>\n<td><span style=\"display: inline !important; float: none; background-color: transparent; color: #333333; cursor: text; font-family: 'Oxygen',Tahoma,Arial; font-size: 16px; font-style: normal; font-variant: normal; font-weight: 400; letter-spacing: normal; orphans: 2; text-align: left; text-decoration: none; text-indent: 0px; text-transform: none; -webkit-text-stroke-width: 0px; white-space: normal; word-spacing: 0px;\">\u00dcbungsplan zu<span style=\"text-decoration: underline;\"> allen Sportangeboten<\/span> des TV zum downloaden und ausdrucken<\/span><\/td>\n<\/tr>\n<\/tbody>\n<\/table>\n<p><a href=\"https:\/\/www.tv1863-gross-zimmern.de\/wordpress\/?page_id=5\">Badminton<\/a><br \/>\n<a href=\"https:\/\/www.tv1863-gross-zimmern.de\/wordpress\/?page_id=373\">Ballschule<\/a><br \/>\n<a href=\"https:\/\/www.tv1863-gross-zimmern.de\/wordpress\/?page_id=331\">Bogensport<\/a><br \/>\n<a href=\"https:\/\/www.tv1863-gross-zimmern.de\/wordpress\/?page_id=398\">Breitensport<\/a><br \/>\n<a href=\"https:\/\/www.tv1863-gross-zimmern.de\/wordpress\/?page_id=3132\">Fun-Dance<\/a><br \/>\n<a href=\"https:\/\/www.tv1863-gross-zimmern.de\/wordpress\/?page_id=400\">Gymnastik (Fitness; (Step-) Aerobic; Form your body, Wassergym; Zumba; Fit und gesund &#8230;)<\/a><br \/>\n<a href=\"https:\/\/www.tv1863-gross-zimmern.de\/wordpress\/?page_id=3134\">Gardetanz<\/a><br \/>\n<a href=\"https:\/\/www.tv1863-gross-zimmern.de\/wordpress\/?page_id=7\">Handball<\/a><br \/>\n<a href=\"https:\/\/www.tv1863-gross-zimmern.de\/wordpress\/?page_id=188\">Klettern<\/a><br \/>\n<a href=\"https:\/\/www.tv1863-gross-zimmern.de\/wordpress\/?page_id=3128\">Kreativer Tanz<\/a><br \/>\n<a href=\"https:\/\/www.tv1863-gross-zimmern.de\/wordpress\/?page_id=405\">Koronarsport<br \/>\n<\/a><a href=\"https:\/\/www.tv1863-gross-zimmern.de\/wordpress\/?page_id=387\">Lauftreff<br \/>\n<\/a><a href=\"https:\/\/www.tv1863-gross-zimmern.de\/wordpress\/?page_id=408\">Leichtathletik<br \/>\n<\/a><a href=\"https:\/\/www.tv1863-gross-zimmern.de\/wordpress\/?page_id=391\">Nordic Walking<br \/>\n<\/a><a href=\"https:\/\/www.tv1863-gross-zimmern.de\/wordpress\/?page_id=596\">Pilates<\/a><br \/>\n<a href=\"https:\/\/www.tv1863-gross-zimmern.de\/wordpress\/?page_id=598\">Power-Yoga<\/a><br \/>\n<a href=\"https:\/\/www.tv1863-gross-zimmern.de\/wordpress\/?page_id=418\">Rhythmische Gymnastik<br \/>\n<\/a><a href=\"https:\/\/www.tv1863-gross-zimmern.de\/wordpress\/?page_id=427\">Rope Skipping<br \/>\n<\/a><a href=\"https:\/\/www.tv1863-gross-zimmern.de\/wordpress\/?page_id=434\">Schwimmen<br \/>\n<\/a><a href=\"https:\/\/www.tv1863-gross-zimmern.de\/wordpress\/?page_id=455\">Skigymnastik<br \/>\n<\/a><a href=\"https:\/\/www.tv1863-gross-zimmern.de\/wordpress\/?page_id=292\">Taekwon-Do<br \/>\n<\/a><a href=\"https:\/\/www.tv1863-gross-zimmern.de\/wordpress\/?page_id=463\">Tennis<br \/>\n<\/a><a href=\"https:\/\/www.tv1863-gross-zimmern.de\/wordpress\/?page_id=491\">Tischtennis<br \/>\n<\/a><a href=\"https:\/\/www.tv1863-gross-zimmern.de\/wordpress\/?page_id=506\">Triathlon<br \/>\n<\/a><a href=\"https:\/\/www.tv1863-gross-zimmern.de\/wordpress\/?page_id=560\">Turnen<br \/>\n<\/a><a href=\"https:\/\/www.tv1863-gross-zimmern.de\/wordpress\/?page_id=385\">Walking<br \/>\n<\/a><a href=\"https:\/\/www.tv1863-gross-zimmern.de\/wordpress\/?page_id=389\">Yoga<br \/>\n<\/a><a href=\"https:\/\/www.tv1863-gross-zimmern.de\/wordpress\/?page_id=566\">Zimmerner Seniorentreff<\/a><\/p>\n","protected":false},"excerpt":{"rendered":"<p>&nbsp; Gesamt\u00fcbungsplan TV Gro\u00df-Zimmern ab 8.6.22 \u00dcbungsplan zu allen Sportangeboten des TV zum downloaden und ausdrucken Badminton Ballschule Bogensport Breitensport Fun-Dance Gymnastik (Fitness; (Step-) Aerobic;<\/p>\n","protected":false},"author":2,"featured_media":0,"parent":0,"menu_order":0,"comment_status":"closed","ping_status":"closed","template":"","meta":{"footnotes":""},"class_list":["post-545","page","type-page","status-publish","hentry"],"_links":{"self":[{"href":"https:\/\/www.tv1863-gross-zimmern.de\/wordpress\/index.php?rest_route=\/wp\/v2\/pages\/545","targetHints":{"allow":["GET"]}}],"collection":[{"href":"https:\/\/www.tv1863-gross-zimmern.de\/wordpress\/index.php?rest_route=\/wp\/v2\/pages"}],"about":[{"href":"https:\/\/www.tv1863-gross-zimmern.de\/wordpress\/index.php?rest_route=\/wp\/v2\/types\/page"}],"author":[{"embeddable":true,"href":"https:\/\/www.tv1863-gross-zimmern.de\/wordpress\/index.php?rest_route=\/wp\/v2\/users\/2"}],"replies":[{"embeddable":true,"href":"https:\/\/www.tv1863-gross-zimmern.de\/wordpress\/index.php?rest_route=%2Fwp%2Fv2%2Fcomments&post=545"}],"version-history":[{"count":70,"href":"https:\/\/www.tv1863-gross-zimmern.de\/wordpress\/index.php?rest_route=\/wp\/v2\/pages\/545\/revisions"}],"predecessor-version":[{"id":4629,"href":"https:\/\/www.tv1863-gross-zimmern.de\/wordpress\/index.php?rest_route=\/wp\/v2\/pages\/545\/revisions\/4629"}],"wp:attachment":[{"href":"https:\/\/www.tv1863-gross-zimmern.de\/wordpress\/index.php?rest_route=%2Fwp%2Fv2%2Fmedia&parent=545"}],"curies":[{"name":"wp","href":"https:\/\/api.w.org\/{rel}","templated":true}]}}